{"id":822,"date":"2014-10-16T16:57:57","date_gmt":"2014-10-16T15:57:57","guid":{"rendered":"http:\/\/imramovsky.upce.cz\/?page_id=822"},"modified":"2014-10-17T14:38:57","modified_gmt":"2014-10-17T13:38:57","slug":"pharmdr-iveta-zadrazilova","status":"publish","type":"page","link":"https:\/\/imramovsky.upce.cz\/?page_id=822","title":{"rendered":"PharmDr. Iveta Zadra\u017eilov\u00e1"},"content":{"rendered":"<h3 style=\"text-align: justify;\"><strong>Education and academic qualifications<\/strong><\/h3>\n<ul style=\"text-align: justify;\">\n<li>2013: Doctor of Pharmacy (PharmDr.) \u2013 University of Veterinary and Pharmaceutical Sciences Brno, Faculty of Pharmacy, Brno, Czech Republic (Medicinal Chemistry)<\/li>\n<li>2011\u2013: Postgraduate course (Ph.D.) \u2013 University of Veterinary and Pharmaceutical Sciences Brno, Faculty of Pharmacy, Brno, Czech Republic (Medicinal Chemistry)<\/li>\n<li>2006\u20132011: Master of Pharmacy (Mgr.) \u2013 University of Veterinary and Pharmaceutical Sciences Brno, Faculty of Pharmacy, Brno, Czech Republic (Pharmacy)<\/li>\n<\/ul>\n<h3 style=\"text-align: justify;\"><strong>Professional experience<\/strong><\/h3>\n<ul style=\"text-align: justify;\">\n<li>2012\u2013: Scientist \u2013 CEITEC (Central European Institute of Technology), University of Veterinary and Pharmaceutical Sciences Brno, Faculty of\u00a0Veterinary Medicine, Brno, Czech Republic<\/li>\n<li>2011\u2013: Pharmacist \u2013 Outpatient clinic Pharmacy of Vltav\u00ednsk\u00e1 Outpatient clinic, T\u0159eb\u00ed\u010d, Czech Republic<\/li>\n<\/ul>\n<h3 style=\"text-align: justify;\"><strong>Teaching activities<\/strong><\/h3>\n<ul style=\"text-align: justify;\">\n<li>Lecturer in practices of Microbiology (Pharmacy \u2013 Czech Study Programme, English Study Programme), University of Veterinary and Pharmaceutical Sciences Brno, Faculty of\u00a0Pharmacy, Czech Republic<\/li>\n<li>Supervisor of diploma thesis (1)<\/li>\n<li>Supervisor-specialist of diploma theses (9)<\/li>\n<\/ul>\n<h3 style=\"text-align: justify;\"><strong>Research activities<\/strong><\/h3>\n<ul style=\"text-align: justify;\">\n<li>Study of <em>in vitro<\/em> antibacterial, antimycobacterial and antifungal properties of newly synthesized prospective chemotherapeutics<\/li>\n<\/ul>\n<h3 style=\"text-align: justify;\"><strong>Other academic activities, research projects, grants<\/strong><\/h3>\n<ul style=\"text-align: justify;\">\n<li>Member of research group CEITEC (Central European Institute of Technology), C1.05\/1.1.00\/02.0068, University of Veterinary and Pharmaceutical Sciences Brno, Faculty of\u00a0Veterinary Medicine, Czech Republic (2012\u2013)<\/li>\n<li>2012: Evaluation of antimicrobial activity of novel antimicrobial chemotherapeutics (IGA VFU Brno 65\/2012\/FVL). Internal Grant Agency of the University of Veterinary and Pharmaceutical Sciences Brno, member of research group<\/li>\n<li>2014\u2013: Study of antimicrobial properties of newly synthesized prospective chemotherapeutics (IGA VFU Brno 52\/2014\/FaF). Internal Grant Agency of\u00a0the\u00a0University of Veterinary and Pharmaceutical Sciences Brno, principal investigator<\/li>\n<li>2014\u2013: Thematic posters to illustrate the education about antimicrobial agents (IVA VFU Brno 2014FaF\/3150\/065). Internal Educational Agency of the University of\u00a0Veterinary and Pharmaceutical Sciences Brno, principal investigator<\/li>\n<li>2014\u2013: Bactericidal activity of (<em>S<\/em>)-5-chloro-2-hydroxy-<em>N<\/em>-{3-methyl-1-oxo-1-[4-(trifluoromethyl)phenylamino]butan-2-yl}benzamide against MRSA in dependence on\u00a0time and concentration \u2013 active poster presentation of the results at \u201cISMC 2014\u201d (IMA VFU Brno 2014-FaF-18). Internal Mobility Agency of the University of\u00a0Veterinary and Pharmaceutical Sciences Brno, principal investigator<\/li>\n<\/ul>\n<h3 style=\"text-align: justify;\"><strong>Non-university activities<\/strong><\/h3>\n<ul style=\"text-align: justify;\">\n<li>2011\u2013: Member of the Czech Chamber of Pharmacists<\/li>\n<\/ul>\n<h3 style=\"text-align: justify;\"><strong>Major publications<\/strong><\/h3>\n<ul style=\"text-align: justify;\">\n<li>PAUK, Karel and ZADRA\u017dILOV\u00c1, Iveta and IMRAMOVSK\u00dd, Ale\u0161 and VIN\u0160OV\u00c1, Jarmila and POKORN\u00c1, Michaela and MASA\u0158\u00cdKOV\u00c1, Martina and \u010c\u00cd\u017dEK, Alois and JAMP\u00cdLEK, Josef. New Derivatives of Salicylamides: Preparation and Antimicrobial Activity against Various Bacterial Species. <em> Med. Chem.<\/em> 2013, vol. 21, no. 21, 6574-6581. [ISSN 0968-0896, IF<sub>2012<\/sub> = 2.903]<\/li>\n<li>GON\u011aC, Tom\u00e1\u0161 and KOS, Ji\u0159\u00ed and ZADRA\u017dILOV\u00c1, Iveta and PE\u0160KO, Mat\u00fa\u0161 and KELTO\u0160OV\u00c1, Stanislava and TENGLER, Jan and BOB\u00c1L, Pavel and KOLL\u00c1R, Peter and \u010c\u00cd\u017dEK, Alois and KR\u00c1\u013dOV\u00c1, Katar\u00edna and JAMP\u00cdLEK, Josef. Antimycobacterial and Herbicidal Activity of Ring-Substituted 1-Hydroxynaphthalene-2-carboxanilides. <em> Med. Chem.<\/em> 2013, vol. 21, no. 21, 6531-6541. [ISSN 0968-0896, IF<sub>2012<\/sub> = 2.903]<\/li>\n<li>OTEV\u0158EL, Jan and BOB\u00c1L, Pavel and ZADRA\u017dILOV\u00c1, Iveta and GOVENDER, Rodney and Pe\u0160ko, Mat\u00fa\u0161 and KELTO\u0160OV\u00c1, Stanislava and KOLE\u010cK\u00c1\u0158OV\u00c1, Petra and MAR\u0160\u00c1LEK, Petr and IMRAMOVSK\u00dd, Ale\u0161 and COFFEY, Aidan and O\u00b4MAHONY, Jim and KOLL\u00c1R, Peter and \u010c\u00cd\u017dEK, Alois and Kr\u00e1\u013dov\u00e1, Katar\u00edna and Jamp\u00edlek, Josef. Antimycobacterial and Photosynthetic Electron Transport Inhibiting Activity of Ring-Substituted 4-Arylamino-7-Chloroquinolinium Chlorides. <em>Molecules<\/em> 2013, vol. 18, 9, 10648-10670. [ISSN 1420-3049, IF<sub>2012<\/sub> = 2.428]<\/li>\n<li>Gon\u011bc, Tom\u00e1\u0161 and Kos, Ji\u0159\u00ed and ZADRA\u017dILOV\u00c1, Iveta and Pe\u0160ko, Mat\u00fa\u0161 and GOVENDER, Rodney and KELTO\u0160OV\u00c1, Stanislava and CHAMBEL, Barbara and PEREIRA, Diogo and KOLL\u00c1R, Peter and IMRAMOVSK\u00dd, Ale\u0161 and O\u00b4MAHONY, Jim and COFFEY, Aidan and \u010c\u00cd\u017dEK, Alois and Kr\u00e1\u013dov\u00e1, Katar\u00edna and Jamp\u00edlek, Josef. Antibacterial and Herbicidal Activity of Ring-Substituted 2-Hydroxynaphthalene-1-carboxanilides. <em>Molecules<\/em> 2013, vol. 18, 8, 9397-9419. [ISSN 1420-3049, IF<sub>2012<\/sub> = 2.428]<\/li>\n<li>Kos, Ji\u0159\u00ed and ZADRA\u017dILOV\u00c1, Iveta and Pe\u0160ko, Mat\u00fa\u0161 and KELTO\u0160OV\u00c1, Stanislava and TENGLER, Jan and Gon\u011bc, Tom\u00e1\u0161 and Bob\u00e1l, Pavel and KAUEROV\u00c1, Tereza and Oravec, Michal and KOLL\u00c1R, Peter and \u010c\u00cd\u017dEK, Alois and Kr\u00e1\u013dov\u00e1, Katar\u00edna and Jamp\u00edlek, Josef. Antibacterial and Herbicidal Activity of Ring-Substituted 3-Hydroxynaphthalene-2-carboxanilides. <em>Molecules<\/em> 2013, vol. 18, 7, 7977-7997. [ISSN 1420-3049, IF<sub>2012<\/sub> = 2.428]<\/li>\n<\/ul>\n<p style=\"text-align: justify;\"><strong>\u00a0<\/strong><a href=\"http:\/\/imramovsky.upce.cz\/?page_id=186\">Back<\/a><\/p>\n","protected":false},"excerpt":{"rendered":"<p>Education and academic qualifications 2013: Doctor of Pharmacy (PharmDr.) \u2013 University of Veterinary and Pharmaceutical Sciences Brno, Faculty of Pharmacy, Brno, Czech Republic (Medicinal Chemistry) 2011\u2013: Postgraduate course (Ph.D.) \u2013 University of Veterinary and Pharmaceutical Sciences Brno, Faculty of Pharmacy, Brno, Czech Republic (Medicinal Chemistry) 2006\u20132011: Master of Pharmacy (Mgr.) \u2026 <a href=\"https:\/\/imramovsky.upce.cz\/?page_id=822\"> Continue reading <span class=\"meta-nav\">&rarr; <\/span><\/a><\/p>\n","protected":false},"author":1,"featured_media":0,"parent":186,"menu_order":0,"comment_status":"closed","ping_status":"closed","template":"","meta":{"ngg_post_thumbnail":0,"footnotes":""},"class_list":["post-822","page","type-page","status-publish","hentry"],"_links":{"self":[{"href":"https:\/\/imramovsky.upce.cz\/index.php?rest_route=\/wp\/v2\/pages\/822","targetHints":{"allow":["GET"]}}],"collection":[{"href":"https:\/\/imramovsky.upce.cz\/index.php?rest_route=\/wp\/v2\/pages"}],"about":[{"href":"https:\/\/imramovsky.upce.cz\/index.php?rest_route=\/wp\/v2\/types\/page"}],"author":[{"embeddable":true,"href":"https:\/\/imramovsky.upce.cz\/index.php?rest_route=\/wp\/v2\/users\/1"}],"replies":[{"embeddable":true,"href":"https:\/\/imramovsky.upce.cz\/index.php?rest_route=%2Fwp%2Fv2%2Fcomments&post=822"}],"version-history":[{"count":4,"href":"https:\/\/imramovsky.upce.cz\/index.php?rest_route=\/wp\/v2\/pages\/822\/revisions"}],"predecessor-version":[{"id":839,"href":"https:\/\/imramovsky.upce.cz\/index.php?rest_route=\/wp\/v2\/pages\/822\/revisions\/839"}],"up":[{"embeddable":true,"href":"https:\/\/imramovsky.upce.cz\/index.php?rest_route=\/wp\/v2\/pages\/186"}],"wp:attachment":[{"href":"https:\/\/imramovsky.upce.cz\/index.php?rest_route=%2Fwp%2Fv2%2Fmedia&parent=822"}],"curies":[{"name":"wp","href":"https:\/\/api.w.org\/{rel}","templated":true}]}}